**2/2 + 5*g - 11. List the prime factors of j(-2).
31
Let f = -63 + 72. Suppose -7*v = -f*v + 70. List the prime factors of v.
5, 7
Suppose x = 3 + 1. Suppose x*n - 16 = 72. What are the prime factors of n?
2, 11
Suppose 709*o = 725*o - 14064. What are the prime factors of o?
3, 293
Suppose -50*v = -v - 58359. What are the prime factors of v?
3, 397
Let x be (2 + 0)*1 + (9 - 7). Suppose 163 - 59 = x*z. What are the prime factors of z?
2, 13
Suppose 0 = y + 4 - 5. Let z be 12/(-6) + 1/y. List the prime factors of 1/((-2)/(-12)) - z.
7
Suppose 3*p - 2*p + 28 = 0. Let d = p - -31. What are the prime factors of d?
3
Let i be (1 - (-6)/(-9)) + (-1255)/(-15). Suppose -3*n + 7*t - 2*t = -i, 3*n - t - 96 = 0. What are the prime factors of n?
3, 11
Suppose -3*w = -3*i - 1110, 5*w - 2*i - 1488 = w. Suppose -16*k = -14*k - w. What are the prime factors of k?
11, 17
Let y(f) = 4*f**2 + 13*f + 2. Let u be y(-6). Let p = -21 + u. What are the prime factors of p?
47
List the prime factors of (14 + 90)/(2*(1 - 0)).
2, 13
Let z(x) = x**3 - 3*x**2 - 2*x + 2. Let w be z(3). Let a be ((-72)/21)/(w/28). Suppose 66 = 5*q - a. List the prime factors of q.
2, 3
Suppose g + d = -0*d + 1953, -1965 = -g + 2*d. What are the prime factors of g?
19, 103
Let y be 16/5 + (-20)/(-25). Suppose a = r - 0*a - 102, 444 = y*r + 5*a. What are the prime factors of r?
2, 53
Suppose -2*x - 165 = -o, -4*o + 3*x + 328 = -2*o. List the prime factors of o.
7, 23
Suppose -2*i + g = 5*g, -5*i + 7 = 3*g. Suppose -4*s + 0*w + w = -559, -i*w = -s + 138. List the prime factors of s.
2, 5, 7
Suppose 0 = -3*u + 67 + 89. Let w = u + 12. What are the prime factors of w?
2
Suppose 2 = -2*h - u - 33, 4*h = -3*u - 71. Let k = h - -24. Suppose -26 = -b + k. What are the prime factors of b?
3, 11
List the prime factors of (-968)/(-12)*6 + 3.
487
List the prime factors of (-2)/5 - ((-111492)/(-45))/(-4).
619
Suppose -4*l = 4*x - 348, 0 = -5*x - 5. List the prime factors of l.
2, 11
Let m = -1476 + 2172. List the prime factors of m.
2, 3, 29
Suppose 168 = 2*k + 54. Let o = k + 2. What are the prime factors of o?
59
Let n be 25/4 - 48/(-64). Suppose 3 + n = j. List the prime factors of j.
2, 5
Suppose 4*o = 2*o + 6. Suppose 4*s = o*p + 23, p + 3 = 2. List the prime factors of s.
5
Let j(z) = -z**3 - 8*z**2 - 9*z + 23. Let r(l) = -3*l**3 - 16*l**2 - 17*l + 47. Let g(o) = -5*j(o) + 2*r(o). List the prime factors of g(7).
3, 5, 7
Let f(r) = -2*r - 5. Let y be (-3)/(-18) - 111/18. Let j be f(y). Suppose 2*u + 10 = j*u. What are the prime factors of u?
2
Suppose 2042 + 4918 = 20*h. What are the prime factors of h?
2, 3, 29
Let h(o) = 12*o**2 + 5*o - 5. Let x be h(5). Suppose 5*q + x = 4*l, 0 = 3*l + 5*q - 117 - 123. List the prime factors of l.
2, 5
Let j(x) = -18*x + 11. List the prime factors of j(-8).
5, 31
Suppose -7822 = -14*b + 5128. List the prime factors of b.
5, 37
Let r(z) = 2*z**2 - z + 1. Let n be ((-4)/(-2))/(4 - 3). Suppose 18 = 4*t + n*h, 4*t - 3*h - h = 0. List the prime factors of r(t).
2
Suppose -5*h + 533 = -3*h + 5*k, 4*h + 4*k - 1048 = 0. List the prime factors of h.
7, 37
Let f(k) = 21*k + 14. Let o(w) = w - 2. Let b be o(10). What are the prime factors of f(b)?
2, 7, 13
Let j(t) = t**2 - 9*t - 27. Let w be j(15). Let b = w - -88. List the prime factors of b.
151
Suppose 0 = -55*r + 53*r + 460. Suppose -v = -6*v + r. What are the prime factors of v?
2, 23
Suppose -251 = -4*p + 305. What are the prime factors of p*(-4)/(-4) + 0/(-1)?
139
Let f = 454 + -35. What are the prime factors of f?
419
Let o(b) = -b**3 - 4*b**2 + 2*b - 17. What are the prime factors of o(-8)?
223
Suppose 4*o - 4*m = 32, 4*o - 3*o + 5*m - 20 = 0. List the prime factors of (-3 + (-66)/o)*30/(-9).
2
What are the prime factors of (-60)/(-12) - 2 - 809*-2?
1621
Let n(i) = 17*i**2 + i + 9. Let t be n(3). What are the prime factors of t + 6 - (-1 + -4)?
2, 11
Let b(h) be the first derivative of 5*h**4/2 - 5*h**3/3 + h**2/2 - 4*h + 1. Let r be b(4). List the prime factors of (1 + -3)*r/(-32).
5, 7
Suppose -7*d = -26*d + 4294. List the prime factors of d.
2, 113
What are the prime factors of -706*(4/(-8) - 0)/1?
353
Suppose 4*l - 44 = 1612. Suppose -5*j + 915 = 4*c - l, -4*j + c + 1080 = 0. Suppose 5*d + o = 290, 2*o + 36 = 5*d - j. What are the prime factors of d?
59
Let u = 8 + -15. Let b = 11 - u. Let w = b - 10. What are the prime factors of w?
2
Suppose 3*n - t - 2 = 2, -n + 3*t + 12 = 0. Suppose 4*h - 5*h + 35 = n. List the prime factors of h.
5, 7
Suppose 0 = 81*r - 72*r - 3744. What are the prime factors of r?
2, 13
Suppose -31*f + 26*f = -265. What are the prime factors of f?
53
Let d(g) = g**2 + 6*g + 8. Let f(p) = -p**3 + 6*p**2 - 5*p - 4. Let c be f(5). Let q be d(c). Suppose q = w + 1 - 6. List the prime factors of w.
5
Suppose -1055 = -3*t + 4*x - 5*x, -4*t = -3*x - 1411. What are the prime factors of t?
2, 11
Let w(t) = t**3 - 7*t**2 + 8*t - 6. Let q be w(6). Suppose 0 = q*s - 5*s - 2. Suppose -l = s*h - 13, -4*l = -h + 12 + 17. What are the prime factors of h?
3
List the prime factors of (53 - 0)/(28/84).
3, 53
Suppose 0 = -10*c - 7112 - 54768. List the prime factors of (c/85)/(4/(-10)).
2, 7, 13
Suppose 0 = 22*j - 25*j + 945. List the prime factors of j - (-5)/(10/(-6)).
2, 3, 13
Let f = 395 + 1827. What are the prime factors of f?
2, 11, 101
Let w be (10/(-25))/(1/(-30)). Suppose -3*k = -7*k + w. What are the prime factors of (-1)/k + (-25)/(-3)?
2
Let h = -36 - -40. Suppose 2*k + 3*x - 28 = 0, -h*x + 8 = -0. List the prime factors of k.
11
Suppose -112184 = -35*v + 38421. What are the prime factors of v?
13, 331
Let a(s) = 3 - 7*s + 137*s**3 + 8*s - 2*s**2 - 4 + 3*s. What are the prime factors of a(1)?
2, 3, 23
Suppose -42*n + 42484 + 9680 = 0. List the prime factors of n.
2, 3, 23
Let u(c) = c + 3. Suppose 2*r - 12 = -3*x - 2*r, -3*x + 3 = r. Let t be u(x). Suppose 0 = -t*l + 7*l - 148. What are the prime factors of l?
37
Suppose b - 5 = 268. List the prime factors of b.
3, 7, 13
Suppose 5*c + 3 = 4*w - 10, 0 = -w + c + 4. Suppose -2*s = -w*s - k + 13, -12 = -4*k. List the prime factors of (80 - -1)*s/3.
2, 3
Suppose n = -2*n - 12. Let o(d) = -d**2 - 5*d. Let v be o(n). Suppose -224 = -v*w + 5*c, 3*w + 0*c - 168 = 3*c. List the prime factors of w.
2, 7
List the prime factors of (-15638)/(-16) - (-7)/((-448)/24).
977
Suppose 0 = -19*v + 23*v - 8. Suppose -3*h = -s - 0*h + 105, -4*s - v*h + 462 = 0. Suppose -2*g = g - s. List the prime factors of g.
2, 19
Let b(o) = 373*o - 468. What are the prime factors of b(8)?
2, 17, 37
Let q = -232 + 548. List the prime factors of q.
2, 79
Let m(c) = -3*c + 3*c**2 + 5*c**2 - 3 + 0*c**2 - 5*c**2. What are the prime factors of m(3)?
3, 5
Let w = 579 + 756. List the prime factors of w.
3, 5, 89
Let y be (28/(-7))/(-4 + 2). Let v(o) = 17*o + 2. List the prime factors of v(y).
2, 3
Let u(a) = -3*a - 10. Let h be u(-4). Suppose -h*b = 4*b - 552. What are the prime factors of b?
2, 23
Let i = -1 - -4. Suppose -94 = -2*x + 4*u, -3*u - 20 = -i*x + 112. List the prime factors of x.
41
Let r = -14 - -18. Let q be (-15)/(-2)*r/(-5). List the prime factors of q/9*(-66)/4.
11
Suppose 0*i + 2*i = 138. Let b = 40 - i. Let u = b - -68. List the prime factors of u.
3, 13
Let b be (-121)/(-7) + (-4)/14. Let z = 14 - b. List the prime factors of (z/(-6))/(4/552).
3, 23
Let o = -408 - -677. List the prime factors of o.
269
Let o be 1 + (6/(-27) - (-100)/45). Suppose 5*y - 226 = -4*s, 3*s = -o*y - 0*y + 135. What are the prime factors of y?
2, 23
Let l(b) = -b**3 + 8*b**2 + b - 7. Let o be l(8). Let m be o*-1*(-10 + -98). Suppose 0*c - 3*p + m = 3*c, -2*c + 84 = -p. What are the prime factors of c?
2, 5
Let m be 18/27 - (-14)/(-3). Let d be 6/m*(-10)/3. Suppose -d*x - 2*s = -54 + 5, 0 = 2*x - 4*s - 10. What are the prime factors of x?
3
Suppose -3*y = y - 28. Let d = 70 - y. List the prime factors of (d/(-7))/(3/(-4)).
2, 3
Suppose 0 = 2*l + 5*p - 2*p - 933, -3*l + 1400 = 5*p. Suppose -4*u = u + l. Let g = u + 138. What are the prime factors of g?
3, 5
Suppose 0 = -9*u + u - 96. List the prime factors of (1/(-1))/(u/660).
5, 11
Suppose t = 4*t + 12, 2*f + 54 = 3*t. What are the prime factors of (f/6 - 0)/((-1)/12)?
2, 3, 11
List the prime factors of 48/(-18)*(4887/6)/(-3).
2, 181
Suppos